 - (0 + 1)?
5
Calculate 8 + (4 - 10) + 2 + -6.
-2
Calculate 5 + -2 + 2 - (-3 + 3).
5
What is the value of (7 - 5) + -5 + (0 - -1)?
-2
Evaluate 46 + -48 - (-2 + 5).
-5
What is the value of -1 + -1 + (2 - 0) - -1?
1
What is the value of 0 - (-5 - (-11 + (-5 - -3)))?
-8
What is the value of (5 - 7) + 0 + (2 - 1)?
-1
Calculate -4 - ((16 - 4) + -16).
0
6 + -4 + 2 - (5 + 0)
-1
Evaluate (5 + -4 - -6) + 0.
7
What is the value of 11 + -19 + 3 + (-1 - -1)?
-5
What is the value of (8 - 2) + -2 + 1?
5
What is 2 + (5 - (0 + 1)) + -5?
1
What is the value of -2 + (-6 - 0 - -5)?
-3
Calculate 1 - (-1 + 7 + (-2 - 2)).
-1
Calculate -67 - -63 - (-5 - (1 + -3)).
-1
-2 + (-1 - -4) + 2
3
Calculate (-7 + 12 - -2) + 0 + -8.
-1
(10 - 11) + (1 - 0 - 3)
-3
Evaluate -3 - (-9 - (1 - 3)) - 2.
2
Calculate 3 + (11 - 0) + -8.
6
Evaluate 5 - (-30 + 38 + (0 - 3)).
0
What is the value of -2 + 3 + (-23 - -20) + 0?
-2
Evaluate -5 - (3 + -4 + -2).
-2
What is 8 + (-4 - -3) + -4 - 11?
-8
What is the value of -4 + (-8 - -8 - (3 - 8))?
1
(1 - (6 - 3)) + 6
4
Evaluate (-4 - (-4 + 6)) + 3.
-3
What is (-1 - -5) + 35 + -36?
3
(-1 - -3) + -5 + 0
-3
Evaluate 6 + (6 - 5) + -11.
-4
Evaluate 7 + -10 - (-10 - -3).
4
Calculate (-1 - 1) + 0 + (9 - 10).
-3
What is the value of (-7 - -10) + (-1 - 1) + 2?
3
Calculate -1 - (-7 + 4 + 1).
1
Evaluate 1 + -5 + -4 + 0 + 3.
-5
Evaluate -2 + 1 + 10 + -8 - -2.
3
Evaluate -40 - -37 - (0 + -7).
4
Evaluate -2 + 1 - (-6 + 0).
5
What is the value of -35 + 32 - (0 + -4 + 2)?
-1
Evaluate 6 + 4 + -2 + -6.
2
What is the value of (1 - 4) + 9 + (3 - 5)?
4
What is 2 + -1 + 0 + 8 + -4?
5
-327 - -315 - (0 + -1)
-11
What is -5 + 1 + 4 + -5?
-5
-3 - (5 + -6 - 6)
4
What is 7 - (-4 + 4 - -1 - -3)?
3
2 - (-2 + -1 - (-26 - -22))
1
What is (5 - (0 - 1)) + 4 + -3?
7
What is the value of 0 - (-10 - (3 + -18))?
-5
Calculate 2 + 5 - 3 - 7.
-3
2 + (0 - 3 - -6)
5
Evaluate 2 + (-3 - (0 + (6 - 3))).
-4
What is the value of -4 + 3 + 14 + -9?
4
0 - (1 - (6 + -2))
3
-10 + 25 + -8 + (0 - 13)
-6
Evaluate (-6 - -3) + -1 + -1.
-5
What is (-3 + 0 + 2 - -2) + -4?
-3
What is (-5 - -12) + 4 + -14 + 4?
1
1 + -8 + 1 + 4
-2
(13 - 13) + -1 + (-2 - -5)
2
-4 + (1 - (-8 + 3 - 6))
8
What is -2 + 12 + -5 + -2 + -8?
-5
Evaluate 5 + (-9 - -1) - (0 + 1).
-4
What is the value of -1 - (-2 - -6 - 3)?
-2
What is the value of 0 + 7 - (-1 - -9)?
-1
Evaluate 1 + 9 + (0 + 9 - 12).
7
4 - (-9 - (1 + -17))
-3
Calculate (-6 - (-1 + 0)) + -2 + 4.
-3
What is the value of (-7 - -1 - -12) + 0?
6
What is -59 + 63 - (1 + 3)?
0
Calculate -5 + 3 + 4 - 2.
0
What is the value of 1 + 4 + -15 + 4?
-6
Calculate -9 - -2 - (7 + -6 + -6).
-2
What is the value of -15 + (14 - 8) - -3?
-6
What is the value of -5 - ((2 - 4) + -5) - 4?
-2
2 + 0 - (3 - -1) - -3
1
What is the value of -6 + -1 - (-15 + (10 - -6))?
-8
What is -4 - (-14 - (-1 - 2)) - 2?
5
95 - 91 - (0 + 4)
0
18 - 4 - 7 - -5 - 2
10
What is 0 - (6 + -4 - 2)?
0
Evaluate -1 - (11 - (7 - (0 - -2))).
-7
What is the value of 0 + 5 + -2 + -8?
-5
Evaluate -6 + (0 + 0 - (16 + -19)).
-3
What is (8 + 0 - 3) + -4 + 5?
6
-3 + -10 + (-3 - -11)
-5
Evaluate 2 - (6 + -4 + -1).
1
What is the value of 4 + (1 + 9 - 7)?
7
Evaluate (-1 - -6) + (-17 - -14).
2
What is 0 + (-3 - -2) - (-9 - -11)?
-3
Evaluate -5 + (-2 - -5) - 3.
-5
What is the value of 0 + (-1 - 1) + 2 + -2?
-2
Evaluate -18 + 25 + (-8 - (-2 - 1)).
2
What is the value of (-2 - -14 - -1) + -7?
6
Evaluate (-5 - -8) + -12 - -4.
-5
What is 20 - 21 - (-5 + 2)?
2
What is the value of -3 + (2 - (-1 + (2 - -2)))?
-4
Calculate 2 + 2 - (13 - 14).
5
What is the value of -11 + 9 - -4 - (-1 + 0)?
3
Evaluate 4 - (-11 - -11 - -11).
-7
Evaluate (-9 - 2) + (22 - 17).
-6
Evaluate 0 + 0 + 0 + -2 - -4.
2
Evaluate 3 - (1 + 2 + 2).
-2
Calculate 1 + -3 - (-8 - -1).
5
Calculate -5 + 6 + -6 + 8.
3
What is (0 - -1) + (-5 - (7 - 10))?
-1
Evaluate 4 - 6 - (6 - 5 - 10).
7
What is 15 + -10 - (-1 + (-9 - -6))?
9
-7 - (3 + -8 + 2 + 2)
-6
0 + 5 + (0 - 1)
4
What is the value of -11 + (9 - (-2 + 3))?
-3
Evaluate -5 - (2 - (-6 - -16)).
3
What is the value of -1 + 10 + (-6 - -2 - -2)?
7
What is (-4 - -3) + -2 + -1 + 4?
0
What is the value of (-5 - 2) + (0 - -9)?
2
What is (22 - 17) + -1 + -2?
2
(2 - (-8 + 2)) + -20 - -4
-8
What is 5 - (-1 - -8) - 4?
-6
What is the value of 5 + -5 + (0 - -5)?
5
What is the value of (-7 - (4 + -5)) + 3 + -1?
-4
Calculate 3 - 1 - (6 + -3 + -2).
1
2 - (0 + -7 + (9 - 5))
5
-2 - (0 + -3 + 3 - 2)
0
Calculate (-1 - -9) + -2 + 3 + -7.
2
Evaluate 5 - (0 + (15 - 4)).
-6
Calculate (-4 - -2) + -9 + 5.
-6
Calculate 34 + -45 - (-9 + 0).
-2
Calculate 5 - (-7 - -11) - 6.
-5
What is 11 + -3 + 3 + -13?
-2
Evaluate (1 + -3 - 1) + (1 - 1).
-3
Evaluate (-1 + 4 - 4) + 3 + -4.
-2
Evaluate (-2 - 0 - 1) + 4 + -10.
-9
What is the value of -2 + -7 + (-1 - -7)?
-3
Evaluate -1 - (-7 + (-2 - -4)) - 0.
4
-3 + (6 + -1 - (15 - 12))
-1
0 + -1 + (2 - (2 + 0))
-1
What is -3 - (-5 - -2 - (1 - 3))?
-2
Evaluate 2 - (-2 - -2) - (35 - 28).
-5
What is 4 + -14 + 1 + 2 + 2?
-5
Evaluate -1 - (-3 + (-4 - -3 - -1)).
2
What is the value of -7 + 2 + 2 - -7 - 0?
4
Calculate (2 - 3) + -1 + 4 + 1.
3
What is 2 - -8 - (1 + 6)?
3
Calculate -18 - (-23 + -2 + 13).
-6
-3 + -3 + 11 + -9
-4
-3 - 1 - (4 - 5)
-3
Calculate 2 - 4 - (2 + (-10 - -6)).
0
Evaluate -1 - ((5 - 2) + -4).
0
What is (2 - -1 - 3 - 1) + -3?
-4
Calculate -20 - -9 - -18 - 5.
2
Calculate 0 - 0 - -2 - (6 + 2).
-6
What is the value of (-8 - -4 - -7) + 8 + -5?
6
(12 - (-3 + 4) - 4) + -6
1
What is -6 + (2 - (1 + 0))?
-5
Evaluate 0 + 6 + (7 - 8).
5
7 + -2 + 4 + -5 + -2
2
What is the value of (36 + -45 - (0 + -3)) + 2?
-4
Calculate 2 - ((4 + -4 - 8) + 18).
-8
(1 - -6 - 1) + -2
4
0 + 3 + 69 + -66
6
Evaluate (1 - (3 + -2)) + -68 + 66.
-2
What is 2 + 8 + -9 - -2?
3
-1 - (-9 + 5 + -1)
4
What is -3 + 5 + -4 + 8?
6
-1 + (7 - 2) - 3 - 3
-2
Calculate -9 + (9 - (7 - 2)).
-5
What is the value of 1 + 9 - (4 + 1)?
5
Calculate 2 + -1 + (3 - 0 - 1).
3
Calculate (4 - 2) + 1 + (-2 - 3).
-2
What is the value of 13 + -4 - (10 + 2 + -7)?
4
Calculate ((-5 - -10) + -4 - -9) + -3.
7
(-5 - (2 + -1)) + 9
3
Evaluate (-2 - (-3 - 0) - -3) + -2.
2
Calculate -3 - (3 - (15 - 4)).
5
Evaluate 0 - (12 - (2 + 9)).
-1
What is the value of -5 - ((1 - 4) + 2)?
-4
-7 + 2 + (5 - (3 - 4))
1
Evaluate -1 + (-5 - (-4 + (-1 - -2))).
-3
Evaluate 2 + (2 + -5 - -4) + 2.
5
Calculate -17 - (-14 + -5 - -12).
-10
Calculate (4 - -3 - 3) + (6 - 6).
4
What is 1 + (0 - (-1 - (1 + -1)))?
2
What is the value of -6 + 6 + (-6 - -6)?
0
Evaluate -31 + 25 - (-2 + 2).
-6
Evaluate -6 - -8 - (-2 + 2 - 1).
3
Calculate -6 - -8 - (1 + 0 - -6).
-5
Evaluate (0 - -3) + (-8 + 1 - -4).
0
Evaluate 10 + 0 + (-55 - -45).
0
-5 + 12 + -2 + -5 - 0
0
What is -1 + -5 + 2 - (-12 - -8)?
0
What is 3 - (1 + -2 + 0 - -3)?
1
-1 - (0 - 4) - 2
1
What is 79 + -72 - (7 - 0)?
0
Evaluate 2 + -1 + 0 - (-2 + 1).
2
Evaluate -3 + (5 + -6 - (-1 + 2)).
-5
What is -21 + 27 - (6 + 2)?
-2
Calculate -1 + (2 - 3 - -2) - 3.
-3
Calculate 4 - (7 + (6 + -2 - 7)).
0
What is the value of 6 + 4 + -4 + -6?
0
Evaluate (3 - 0) + (-14 - -5).
-6
What is (-6 + 7 - -1) + -3?
-1
Calculate -2 + (1 - (1 - -1)) + 10.
7
(-13 - -18) + -6 - -9
8
What is the value of (9 + -1 - 5) + (-9 - -1)?
-5
What is -5 - (-2 + 3) - -6?
0
Calculate -2 + -4 + 14 - (1 - -2).
5
Evaluate -3 + 0 + 3 + -1 + 6.
5
-2 + 8 + -13 + (-4 - -3)
-8
Evaluate 0 + 0 - ((1 - -1) + -4).
2
What is (-5 - (2 - 2)) + (30 - 30)?
-5
Evaluate 3 + (-3 - 1 - 2).
-3
Calculate -22 + 21 + (1 - 0).
0
Calculate 2 - 1 - (6 - 0 - 4).
-1
Evaluate -7 - (-6 + (-3 - 0) + -3).
5
What is the value of (6 - 15) + 6 + -1?
-4
What is the value of 13 - (-4 - (0 + -17))?
0
3 + -4 + -1 + -3
-5
What is (-2 - 2) + (1 - -4)?
1
What is the value of -2 + (-3 - (-7 - -3 - 3))?
2
(4 - 9) + 3 - 0
-2
What is -8 + (4 + 7 - 6)?
-3
Calculate 8 - -2 - (60 - 40).
-10
What is -77 + 68 + (0 - -9)?
0
13 + (-17 - (3 + -10))
3
3 + -5 - (2 + -2 + -5)
3
Evaluate -1 - (3 - (2 + 3)).
1
Evaluate 12 + -4 - 5 - 6.
-3
0 + (7 - 11) + 4
0
Evaluate 0 + -1 + 3 - (-3 - -1).
4
What is the value of (-5 - 9) + 1 + (8 - 3)?
-8
Calculate (-31 - -36) + (-9 - -1 - -2).
-1
Evaluate 19 + -22 + (5 - (0 - 2)).
4
What is the value of -4 - -5 - (4 - -1)?
-4
What is (-3 - -7) + 1 - 2?
3
Calculate 0 + -3 + 2 + -2 + -1.
-4
What is the value of 12 - (-7 - (-5 - 9))?
5
Evalua